+ -10. Calculate the remainder when 38 is divided by (3 + -3 - q) + 18.
10
Calculate the remainder when (-24)/(-9) + 2/(-3) + 21 is divided by 8.
7
Let i = -16 - -42. Calculate the remainder when 72 is divided by i.
20
Let x = 70 - 56. What is the remainder when 83 is divided by x?
13
Let y(t) = -t**3 + t**2 - t - 24. Let z be y(0). Let m be ((-3)/6)/(3/z). Suppose -p + m*p - 138 = 0. Calculate the remainder when p is divided by 12.
10
Suppose 83 = 3*n + 4*q, -3*n - q = -2*q - 58. Suppose 4*h - 60 = -h. What is the remainder when n is divided by h?
9
Let b = -52 - -79. What is the remainder when b is divided by 6?
3
Suppose 4*z + 10 = -z. Let m = -5 - -3. What is the remainder when (-62 - m)*z/4 is divided by 16?
14
Let n(g) = -g**3 - 9*g**2 - 9*g + 10. Calculate the remainder when n(-8) is divided by 2.
0
Let u(t) = -18*t - 1. Let x be u(-1). Let j = -8 + x. Let d = 15 - j. Calculate the remainder when 23 is divided by d.
5
Let q(b) = 47*b**2 - b. Calculate the remainder when q(-1) is divided by 13.
9
Suppose 81 = 2*t + 19. Suppose -129 = -5*b + t. Let c(r) = -r**3 - 2*r**2 + 2. Calculate the remainder when b is divided by c(-3).
10
Let s be ((-1)/(3/6))/(-1). Suppose 98 = 5*w + 3*p, 4 = s*p - 3*p. What is the remainder when w is divided by 12?
10
Let l(f) = -f**3 + f**2 - 2*f + 1. Let r(g) = g + 2. Let h be r(-5). What is the remainder when l(h) is divided by 15?
13
Let u(j) be the first derivative of j**4/2 + j**3/3 + j**2/2 - 2*j - 3. Calculate the remainder when 57 is divided by u(2).
17
Let h(d) = d**3 + d**2 - 35. Let u be h(0). Let t be u/(-4) - (-2)/8. Suppose t = k + 1. What is the remainder when 15 is divided by k?
7
Let y(o) = 2*o**2 - 12*o + 5. Calculate the remainder when y(8) is divided by 20.
17
Let l(i) = i**2 + 3*i - 12. Let v be l(-5). Calculate the remainder when (-95)/v - 3/(-6) is divided by 13.
9
What is the remainder when 103 + 0 + (-3 - -2) is divided by 26?
24
Suppose -7*l + 80 = -3*l. Let z be 8/(-6)*3/(-2). Suppose -z = 4*k - 30. Calculate the remainder when l is divided by k.
6
Suppose 2*y + 18 = 5*y. Let s(p) = p + 3. What is the remainder when 35 is divided by s(y)?
8
What is the remainder when 44 is divided by (1 - 2) + (-192)/(-8)?
21
Let d = 48 + -40. What is the remainder when 23 is divided by d?
7
Suppose 29 = -21*j + 22*j. What is the remainder when j is divided by 17?
12
Suppose 14 = 7*y - 5*y. What is the remainder when 11 is divided by y?
4
What is the remainder when 72 is divided by (-1)/(-2) - 1 - (-616)/16?
34
What is the remainder when 9 is divided by (((-6)/(-4))/(-3))/((-20)/240)?
3
Suppose -5*x = 35 - 50. Suppose -k = -0*q + 2*q - 6, -2*q = 4*k - 30. Calculate the remainder when k is divided by x.
2
Suppose 4*b - b = 21. Let m(k) = -k - 3. Let f be m(-3). Suppose q - 2*n - 2*n - 6 = f, q - n = 3. Calculate the remainder when b is divided by q.
1
Suppose h = 13 - 1. Let o = -5 + 7. Suppose 30 = o*v - 14. Calculate the remainder when v is divided by h.
10
Suppose -3*m + c = -240, 2*c + 30 + 207 = 3*m. Suppose -3*d + 3*n + 0*n + 51 = 0, 0 = 5*d - 3*n - m. Calculate the remainder when 27 is divided by d.
12
Let r = 12 - -33. What is the remainder when (-3)/6 + r/6 is divided by 3?
1
Let g be 2 + -1 + -1 + 0. Suppose 5*q = -3*u - u + 164, 5*u - 205 = -4*q. Suppose g = -3*j + 55 + u. What is the remainder when j is divided by 11?
10
Let y = -4 + 9. Suppose 2*w - 23 = y. What is the remainder when w is divided by 5?
4
Suppose 2*f + 0*f = 18. Calculate the remainder when f is divided by 6.
3
Suppose 0 = 2*q - 12 - 8. Calculate the remainder when 12 is divided by q.
2
Let x(y) = y + 7. Calculate the remainder when 15 is divided by x(-3).
3
Suppose -10*t + 53 = -7. What is the remainder when 26 is divided by t?
2
Let f(j) = j**2 - j. What is the remainder when 78 is divided by f(5)?
18
Suppose -2*i = -47 + 11. Suppose 0 = -u - 2*u. Suppose -5*k + k + 8 = 0, 2*j - 3*k - 14 = u. Calculate the remainder when i is divided by j.
8
Suppose -3*k + 9 = -0*k. Suppose 0*m - 108 = -k*m. Suppose -3*h = h - m. What is the remainder when 17 is divided by h?
8
Suppose 3*d + 5*l = -2*d + 55, 0 = 3*d - 2*l - 13. What is the remainder when 12 is divided by d?
5
Let f be (-3 - -2)*(-1 + 2). Calculate the remainder when 3 is divided by f/(-2 + 6/4).
1
Let a(w) = w**3 + w**2 + 2*w + 48. Let p = -4 - -21. Calculate the remainder when a(0) is divided by p.
14
Suppose -10 + 34 = t. Let w = 67 - t. Calculate the remainder when w is divided by 15.
13
Suppose -3*c = -2*q - 3*q + 73, -4*c = 4. Let w be 984/20 + (-2)/10. Suppose -u + w = s + s, -u - 3*s = -53. Calculate the remainder when u is divided by q.
13
Let g(n) = 2*n**2. Calculate the remainder when g(-5) is divided by 17.
16
Suppose -39 = -h + 3*m + m, -5*h + 90 = m. What is the remainder when 49 is divided by 5 - 6 - (1 - h)?
15
Suppose 0 = 4*w - 0*w - 36. Let c(x) be the second derivative of x**5/20 - 2*x**4/3 - 4*x**3/3 - 2*x**2 - 24*x. What is the remainder when c(w) is divided by 2?
1
Suppose 3*v + 17 = 4*b - 6, -3*b = v - 14. Suppose 0 = 3*g - 9, -3 - 7 = 5*t - b*g. Calculate the remainder when 2 is divided by t.
0
Suppose 5*d - 132 = -12. What is the remainder when d is divided by 13?
11
Let c be (-6)/(-4)*(-8)/6. Let x = 34 + c. What is the remainder when x is divided by 11?
10
Suppose -4*w + 5*m + 27 = -3*w, 55 = 5*w - 5*m. Let x = -423 + 441. Calculate the remainder when x is divided by w.
4
Suppose 3*r = 32 + 34. Let g(m) = 4*m**3 - m**2 - m. Let q be g(-1). What is the remainder when r is divided by q/(-2*2)*12?
10
Let z(q) = q**2 + 2*q + 1. Let g be z(-1). Suppose l - x - 25 = 0, 5*l - 4*x - 130 = -g*x. Calculate the remainder when (2/(-3))/(-2)*l is divided by 3.
1
Let h = -15 + 45. Calculate the remainder when h is divided by 11.
8
Let v = -2 - -2. Suppose -2*p + 17 - 3 = v. Suppose -15 = -2*l + p. Calculate the remainder when 21 is divided by l.
10
Suppose -4*q + 4 = 2*s, -5*q + s = 1 + 1. Let d(u) = q*u - 3 - u**2 + 3*u + 3*u + 5. Calculate the remainder when 18 is divided by d(4).
8
Let b = 2 - -32. Calculate the remainder when 133 is divided by b.
31
Let w(s) = -s**2 - 11*s + 33. What is the remainder when 122 is divided by w(-12)?
17
Suppose -3*j + j = -136. Suppose -72 - j = -2*x. What is the remainder when x is divided by 18?
16
Suppose 4*a - 10 - 2 = 0. Calculate the remainder when 2/2 + 4 + -2 is divided by a.
0
Suppose -2*t + 66 = t. Let c(o) be the first derivative of -3*o**2/2 - o - 3. Calculate the remainder when t is divided by c(-3).
6
Let r(d) = 5*d - 18. What is the remainder when 41 is divided by r(8)?
19
Suppose -47 = -4*s - 23. What is the remainder when 11 is divided by s?
5
Let w(p) = 3*p**2 - 3*p + 2. Let f be w(2). Let c = f + 12. What is the remainder when 59 is divided by c?
19
Let f(u) = 4*u**2 - 1. Let v be f(-2). Let b = -5 + v. Calculate the remainder when b is divided by 6.
4
Let c = -6 - -16. Let i(j) = -j**2 - 11*j + 16. Let u be i(-12). Suppose -3*f + u*x = -32, -4*f + 3*x = f - 35. Calculate the remainder when c is divided by f.
2
What is the remainder when 27 is divided by 14 - (-3)/(-4 + 7)?
12
Let g = 3 + 0. Suppose -y = g, 2*w = w + 4*y + 22. What is the remainder when 17 is divided by w?
7
Suppose -3*y + 221 = 71. Calculate the remainder when 248 is divided by y.
48
Let c = 35 + -25. Calculate the remainder when 38 is divided by c.
8
Let l = 59 + -42. Suppose -4*z - l = -5*p, 1 = -3*z + 7. Calculate the remainder when 7 is divided by p.
2
Suppose -s + 26 = s. Calculate the remainder when 37 is divided by s.
11
Let a = 74 + -46. What is the remainder when a is divided by 15?
13
Suppose t = v - 15 - 6, -3*v - 3*t = -69. What is the remainder when v is divided by 13?
9
Let t(o) = -o**2 - 2. Let l be t(0). Calculate the remainder when 5 is divided by (l/(-5))/(4/20).
1
Suppose -4*u + 8 = -0*u. Suppose 4*l + 0*l + 23 = q, 0 = -u*q - 2*l + 26. What is the remainder when q is divided by 8?
7
Let j be 10*-3*(-3 - 1). Suppose 2*l - 62 = -2*n, -5*l + 127 = -3*n + 7*n. What is the remainder when n is divided by ((-2)/(-6))/(4/j)?
8
Suppose -27 = -f - 2. What is the remainder when f is divided by 11 + (-1)/(-1) + 1?
12
What is the remainder when 69 is divided by (2/6)/((-16)/(-864))?
15
Suppose 2*t = 2*g + 2, 2*g = 4*g - 4*t - 8.